g**2 - 18*g - 13. Let d be c(-8). Let v = -1803 + d. What are the prime factors of v?
2, 3, 37
Suppose -3*n = -8*n + 10. What are the prime factors of -177*140/(-48) + n/(-8)?
2, 3, 43
Let r(z) = z**3 - z**2 - 20*z + 10. Let q be r(6). Let u = q + -66. List the prime factors of (0 - u) + (-16)/(-2) + 80.
2, 3, 7
Let p = 0 + 13. Suppose -10 - p = -a. Suppose -19*y + a*y - 56 = 0. List the prime factors of y.
2, 7
What are the prime factors of (-2)/(-2) + 0 - 1157992/(-43 - -21)?
13, 4049
What are the prime factors of (388/(-8) + 5)*334/(-3)?
29, 167
Let h(p) = -2*p**2 + 19*p + 3. Let j be h(9). Let s be j*((-2)/(-6) + 0). Suppose 199 = s*a - b, -2*b - b = 5*a - 253. List the prime factors of a.
2, 5
Suppose 111195 = -38*u - 7*u. Let m = 4170 + u. What are the prime factors of m?
1699
Let u(m) be the third derivative of m**5/10 - 11*m**4/24 + 5*m**3/3 - 11*m**2. Let c(x) be the first derivative of u(x). What are the prime factors of c(6)?
61
Let d be 16656/72 + (-4)/3. Let i = d + 123. List the prime factors of i.
353
Let p(u) = -5*u - 46. Let d be p(-10). Suppose -3*x = a - 687 - 759, -d*x - 4*a + 1936 = 0. What are the prime factors of x?
13, 37
Let z be 93/13 - (-4)/(-26). Let s(m) = -m**2 + 7*m + 4. Let n be s(z). List the prime factors of (-12)/n + 36/6.
3
Let f(t) = t - 3 + 7 + 5. Let b be f(-5). Suppose -2*h + b*h - 100 = 0. What are the prime factors of h?
2, 5
Let s = -2329 + 11458. What are the prime factors of s?
3, 17, 179
List the prime factors of (-37)/((-1369)/(-37)) - 1*-29860.
3, 37, 269
Let u(p) = 131*p**3 - p + 2. Let f(x) = 2*x**3 - 11*x**2 - 10*x + 25. Let h be f(6). Let a(n) = -n + 2. Let k be a(h). List the prime factors of u(k).
2, 3, 11
Let l = 6 - -4. List the prime factors of -4*10/16*(-52)/l.
13
Suppose 5*u - 15646 + 4848 = -m, m - 10808 = -3*u. List the prime factors of m.
79, 137
Let k(d) = d**3 - 11*d**2 + 10*d + 3. Let v be k(10). List the prime factors of v*(800/12 - (-3 + 4)).
197
Let g = 19 - 18. Let i be g + 5 + (-2 - 0). Suppose -l = i*l - 330. List the prime factors of l.
2, 3, 11
Let c = -2483 + 15257. What are the prime factors of c?
2, 3, 2129
Suppose -3970 = 2*m - 2*p, -6*m + 5*m - 4*p = 1970. Let n = 3794 + m. What are the prime factors of n?
2, 3, 151
Let l = -3393 - -10371. List the prime factors of l.
2, 3, 1163
Let b(p) = -p**3 + 390*p + 52. What are the prime factors of b(-41)?
3, 7, 29
Suppose 109 = u - 20. Let g = 290 - u. What are the prime factors of g?
7, 23
Suppose -31 = -2*l - 2*o + 25, -5*o + 116 = 4*l. Suppose -32*p + 480 = -l*p. List the prime factors of p.
2, 3, 5
Let u(a) be the first derivative of a**4/4 + 3*a**3/2 - 43*a**2/2 + a + 12. Let o(j) be the first derivative of u(j). What are the prime factors of o(7)?
167
Let f = -232 + 12. Let r = f - -645. What are the prime factors of r?
5, 17
Suppose -5*t - 29610 + 132782 = -3*w, 0 = -2*t - 2*w + 41240. What are the prime factors of t?
7, 421
Let p(g) = g**3 + 43*g**2 - 922*g - 49. What are the prime factors of p(-53)?
3, 7, 47
Suppose 7*r - 6088 - 5126 = 0. What are the prime factors of (8 + -8 + r/7)*7?
2, 3, 89
Let j(a) = -a**3 + 14*a**2 + 17*a - 30. Let l be j(15). Suppose l = d + 2*f - 271, 49 = 3*d - f - 743. What are the prime factors of d?
5, 53
Let q(j) be the first derivative of j**3/3 + 2*j**2 - 4*j - 8. Let k be q(1). Suppose -30 = -3*p - 3*o, 0 = o + k. List the prime factors of p.
11
Let z(i) = 763*i**2 - 302*i + 607. What are the prime factors of z(2)?
5, 13, 47
Let s(b) = 8*b - 2*b - 4 + 24. Suppose -3*q + 7*q + 35 = 3*h, -h = -6*q - 35. List the prime factors of s(h).
2, 5
Let k(f) = -8*f + 27*f**2 + 2 - 37*f**2 - 8*f**3 + 0 + 7*f**3 + 24*f**2. Let s = -29 + 42. What are the prime factors of k(s)?
67
Let t = 77135 + -23059. List the prime factors of t.
2, 11, 1229
Suppose -118*g - 5*z + 70036 = -115*g, 2*g - z - 46721 = 0. What are the prime factors of g?
23357
Suppose 11*d - 14*d = 12, -4*d = -5*o + 3171. Suppose o = 7*w - 1630. List the prime factors of w.
17, 19
Let b(d) = -167*d - 45. Suppose 3*c = 4*u + 19, -3*c + 9 + 3 = -3*u. What are the prime factors of b(u)?
2, 281
Let o = 8804 - 5084. List the prime factors of o.
2, 3, 5, 31
Suppose 28*w + 3 = 29*w. Suppose 0 = 4*y - 23 + w, -4*h - 3*y + 827 = 0. List the prime factors of h.
7, 29
Suppose 0 = 4*v + 5*k - 52909, 0 = -4*v - 566*k + 567*k + 52927. What are the prime factors of v?
101, 131
Suppose 33*z - 75*z + 714 = 0. List the prime factors of (12/15)/(z/5950).
2, 5, 7
List the prime factors of ((3 - 18433/(-3))/(20/(-30)))/(-1).
9221
Let r = 137 - -4046. List the prime factors of r.
47, 89
Suppose -3*w = -3*y - 56978 + 169748, 3*y = -2*w + 112810. List the prime factors of y.
2, 11, 1709
Let b(z) = -9*z + 4*z + 3 + 7*z + 14. Let s be b(-7). Suppose -216 - 48 = -s*g + 2*y, 2*g + y = 183. List the prime factors of g.
2, 3, 5
Suppose -31*u - 30*u = -24*u - 418692. List the prime factors of u.
2, 3, 23, 41
Let f(o) = o**2 - 3*o + 3. Let x be f(1). Let j be (7 + -6)*(-3)/(-3*x). List the prime factors of -1 + (144 + (j - -1))/1.
5, 29
Suppose 18*b - 5*b = -689. Let q = b - -67. List the prime factors of q.
2, 7
Let p be 3690/105 - 2/14. Let k = 134 + p. List the prime factors of k.
13
What are the prime factors of (-21)/98*-4 + 350071/7?
13, 3847
Suppose 17*x - 191239 = 32757 - 8657. List the prime factors of x.
53, 239
Let f be (-7*(-24)/(-140))/((-4)/90). Suppose -f*x + 5348 = -23*x. What are the prime factors of x?
7, 191
Let p = -92 - -89. Let i be ((-26)/6)/(1/p). Suppose -z + 10 = -5*r - i, 3*z = 3*r + 129. What are the prime factors of z?
2, 3
Suppose -i + 549 = -f, -4*f - 5*i = -2*i + 2210. Let n = 799 + f. List the prime factors of n.
2, 31
List the prime factors of (-6)/4*(-10)/(-6)*35866454/(-3835).
103, 227
Let u = -340 - -758. Suppose -1853 = -c - u. Suppose -5*f = -5*n + c, -3*f - 401 - 177 = -2*n. What are the prime factors of n?
283
Let z(k) = -2*k + 13. Let m be z(7). Let r be (-2)/4 - (1 + (-10)/(-4)). List the prime factors of 0 - (r + 27/m + 4).
3
Let j(t) be the third derivative of -7*t**6/120 - t**5/20 + 5*t**4/24 + 3*t**3/2 - 108*t**2. What are the prime factors of j(-3)?
2, 3, 13
Suppose 0 = 57*f - 64*f + 28. Suppose -f*c - s - 5 = 0, 2*c - 3*s = 5*c + 15. What are the prime factors of 2/9 - (7730/(-45) + c)?
2, 43
Let s(a) be the second derivative of 5*a**4/4 - 5*a**3/3 + 53*a**2/2 + 281*a. List the prime factors of s(6).
13, 41
Let s be 0 - (-3 - (1 + 0)). Let l(x) be the second derivative of 4*x**3 - x**2 + 12*x + 5. List the prime factors of l(s).
2, 47
Let i = 899 + -896. Let s(h) = h**3 + 9*h - 13. Let o be s(9). Suppose -9 = -i*n, 2*q + 3*q + 4*n - o = 0. List the prime factors of q.
157
Let y(c) = 18*c**2 - 6*c - 15. Let h be y(-5). Let f = h - -141. What are the prime factors of f?
2, 3, 101
Suppose -50 = 23*k - 18*k. Let w be (-16)/(-5)*(-25)/k. Let d = 12 + w. What are the prime factors of d?
2, 5
Let b be ((-1)/(-2)*2 + 0)*3. Suppose 4*v = 4*w + w - 43, -b*v = -2*w + 20. Let z = 77 - w. What are the prime factors of z?
2, 5, 7
Let m(x) = 4*x - 2. Let h be m(2). Suppose -z + 2*g = -h, 2 = 3*z + 2*g - 40. What are the prime factors of (-489)/(-6) - 18/z?
2, 5
Let m = 13552 - 7906. List the prime factors of m.
2, 3, 941
Suppose y = -2*y + 234. Let v = 83 - y. Suppose 3*f = -v*o + 1214, -5*o + 4*f = -3*o - 496. What are the prime factors of o?
2, 61
Let p = 39644 - 923. List the prime factors of p.
3, 12907
Suppose -16*s + 18*s - 4014 = 0. Suppose s - 405 = 2*l. List the prime factors of l.
3, 89
Suppose -12*m = -5*m - 469. Suppose -5*b = 2*x - 370, 3*x - b = 656 - m. List the prime factors of x.
3, 5, 13
Let b = 182 - 270. Let d = 93 + b. Suppose 3*o - d*p - 306 = -6*p, o = -3*p + 102. What are the prime factors of o?
2, 3, 17
Let o be (17 + -9)*(-1)/(-2). Let m(q) = q**3 - 5*q**2 + 4*q. Let z be m(o). Suppose z*f + 4*c + 162 = 5*f, -69 = -2*f + 3*c. What are the prime factors of f?
2, 3, 5
Suppose 5*t + 3*s + 305838 = 2*s, 3*t - 2*s = -183508. List the prime factors of 2/3 + t/(-48) + 6.
3, 7, 61
List the prime factors of (-16464)/(-4) - (7 + 10/(-2)).
2, 11, 17
Let o(x) = x - 6. Let y be o(12). Suppose 4*h + y = -q, -4*q + 1 = 2*h - 3. What are the prime factors of (-2 - -73) + 4/h?
3, 23
Let d = -39 + 108. Let o = d + -46. L